actors of 413552817.
3, 15316771
List the prime factors of 364714724.
2, 11, 263, 31517
List the prime factors of 2161681322.
2, 16007, 67523
What are the prime factors of 27902814?
2, 3, 17, 29, 9433
What are the prime factors of 1018761271?
11, 29, 263, 12143
What are the prime factors of 43354252?
2, 79, 137197
List the prime factors of 652780611.
3, 7, 10361597
What are the prime factors of 825461479?
19, 43445341
List the prime factors of 20582928.
2, 3, 19, 7523
List the prime factors of 2766389936.
2, 571, 302801
List the prime factors of 1011734412.
2, 3, 13, 6485477
List the prime factors of 138048077.
1453, 95009
List the prime factors of 53686895.
5, 10737379
List the prime factors of 135047947.
67, 1361, 1481
What are the prime factors of 4228707522?
2, 3, 13, 223, 18701
List the prime factors of 67764212.
2, 16941053
What are the prime factors of 40298273?
40298273
What are the prime factors of 38518301?
19, 353, 5743
List the prime factors of 1033728090.
2, 3, 5, 34457603
List the prime factors of 401151881.
13, 107, 173, 1667
List the prime factors of 55699869.
3, 18566623
What are the prime factors of 116218445?
5, 7, 523, 907
List the prime factors of 76570040.
2, 5, 17, 112603
What are the prime factors of 843821841?
3, 8087, 34781
What are the prime factors of 2699280767?
173, 15602779
What are the prime factors of 6607629754?
2, 11, 971, 309317
List the prime factors of 134468438.
2, 13, 41, 126143
List the prime factors of 65875476.
2, 3, 17, 322919
What are the prime factors of 798661810?
2, 5, 3079, 25939
List the prime factors of 44314619.
167, 443, 599
What are the prime factors of 23480765?
5, 7, 11, 71, 859
List the prime factors of 954031843.
1303, 732181
List the prime factors of 4143286911.
3, 541, 2552857
List the prime factors of 58992650.
2, 5, 1179853
List the prime factors of 37339767.
3, 4148863
List the prime factors of 1189553223.
3, 17, 211, 110543
What are the prime factors of 89500507?
19, 257, 18329
What are the prime factors of 48454629?
3, 23, 107, 6563
What are the prime factors of 2807510201?
373, 7526837
List the prime factors of 298392515.
5, 31, 743, 2591
List the prime factors of 82686856.
2, 7, 1476551
What are the prime factors of 902756001?
3, 7, 821, 52361
List the prime factors of 2291361.
3, 763787
List the prime factors of 158366980.
2, 5, 61, 271, 479
What are the prime factors of 640035947?
640035947
What are the prime factors of 1664875723?
7, 23, 10340843
What are the prime factors of 1790069989?
179, 2689, 3719
What are the prime factors of 223839662?
2, 47, 2381273
What are the prime factors of 470159674?
2, 19, 2417, 5119
List the prime factors of 302362353.
3, 33595817
What are the prime factors of 130657507?
2383, 54829
What are the prime factors of 33139727?
33139727
What are the prime factors of 87167333?
11, 787, 10069
List the prime factors of 854997822.
2, 3, 7, 157, 14407
What are the prime factors of 1363655690?
2, 5, 29, 67, 70183
List the prime factors of 43793322.
2, 3, 151, 48337
List the prime factors of 27845100.
2, 3, 5, 10313
List the prime factors of 474812720.
2, 5, 17, 109, 3203
List the prime factors of 45417486.
2, 3, 19, 127, 3137
List the prime factors of 5684970063.
3, 1894990021
What are the prime factors of 1439832290?
2, 5, 13, 73, 173, 877
List the prime factors of 72872618.
2, 7, 13, 431, 929
What are the prime factors of 12587573?
293, 42961
What are the prime factors of 485763380?
2, 5, 37, 401, 1637
List the prime factors of 857392856.
2, 197, 544031
What are the prime factors of 433863956?
2, 47, 1321, 1747
What are the prime factors of 52907660?
2, 5, 13, 59, 3449
List the prime factors of 821479458.
2, 3, 136913243
What are the prime factors of 1016288472?
2, 3, 37, 149, 7681
List the prime factors of 168865251.
3, 283, 198899
What are the prime factors of 180473905?
5, 36094781
What are the prime factors of 8826593?
8826593
List the prime factors of 92722466.
2, 46361233
List the prime factors of 10747552.
2, 53, 6337
What are the prime factors of 243077405?
5, 48615481
What are the prime factors of 29416138?
2, 2897, 5077
What are the prime factors of 41424630?
2, 3, 5, 13, 106217
What are the prime factors of 1167463589?
1167463589
What are the prime factors of 3649708597?
17, 79, 263, 10333
What are the prime factors of 3365937062?
2, 1321, 1274011
List the prime factors of 86498409.
3, 28832803
What are the prime factors of 860856369?
3, 53, 73, 74167
What are the prime factors of 312900433?
601, 520633
What are the prime factors of 525438390?
2, 3, 5, 179, 97847
What are the prime factors of 3836360243?
19, 201913697
What are the prime factors of 74316863?
1163, 63901
List the prime factors of 120700076.
2, 7, 59, 73063
What are the prime factors of 1485930328?
2, 185741291
What are the prime factors of 55036009?
7, 7862287
What are the prime factors of 22003478?
2, 7, 103, 15259
What are the prime factors of 2945023414?
2, 1472511707
List the prime factors of 1774706521.
7, 307, 825829
What are the prime factors of 3900701425?
5, 17, 19, 61, 7919
List the prime factors of 985259546.
2, 31, 3299, 4817
What are the prime factors of 386307368?
2, 31, 829, 1879
List the prime factors of 20132491.
20132491
List the prime factors of 826313552.
2, 51644597
What are the prime factors of 7332616683?
3, 7, 23, 5060467
What are the prime factors of 446709038?
2, 19, 127, 151, 613
List the prime factors of 452171365.
5, 601, 150473
List the prime factors of 295292894.
2, 13, 11357419
List the prime factors of 39970071.
3, 283, 5231
What are the prime factors of 26903695?
5, 7, 13, 8447
List the prime factors of 1711260000.
2, 3, 5, 3169
What are the prime factors of 2553795334?
2, 149, 1499, 5717
What are the prime factors of 196125472?
2, 6128921
List the prime factors of 112496682.
2, 3, 19, 986813
What are the prime factors of 41787269?
41787269
List the prime factors of 2357336787.
3, 13, 109, 367, 1511
What are the prime factors of 139424486?
2, 3677, 18959
What are the prime factors of 1503002066?
2, 137, 5485409
What are the prime factors of 92479156?
2, 7, 11, 19, 15803
What are the prime factors of 370684490?
2, 5, 11, 17, 19, 10433
List the prime factors of 16009326.
2, 3, 32941
List the prime factors of 45710105.
5, 7, 19, 68737
What are the prime factors of 400261350?
2, 3, 5, 67, 39827
What are the prime factors of 758172285?
3, 5, 13, 432007
List the prime factors of 106778809.
106778809
What are the prime factors of 142414527?
3, 31, 97, 15787
What are the prime factors of 2138069142?
2, 3, 11, 223, 16141
What are the prime factors of 4878277?
23, 212099
What are the prime factors of 7084662539?
229, 379, 81629
List the prime factors of 142593690.
2, 3, 5, 4753123
List the prime factors of 600826.
2, 300413
List the prime factors of 37177595.
5, 7, 13, 101, 809
List the prime factors of 174903819.
3, 58301273
List the prime factors of 6536715068.
2, 13, 47, 113, 23669
List the prime factors of 5426150846.
2, 23, 47, 109121
List the prime factors of 1556611965.
3, 5, 11530459
What are the prime factors of 7414004210?
2, 5, 741400421
What are the prime factors of 261936861?
3, 617, 141511
List the prime factors of 1447917937.
1447917937
List the prime factors of 347243884.
2, 13, 6677767
List the prime factors of 447652234.
2, 59, 1823, 2081
List the prime factors of 4353407.
4353407
List the prime factors of 2621661479.
2621661479
What are the prime factors of 629458486?
2, 19, 41, 404017
List the prime factors of 1247217963.
3, 433, 960137
What are the prime factors of 1099592687?
1099592687
What are the prime factors of 89442660?
2, 3, 5, 1490711
List the prime factors of 1261445561.
1261445561
List the prime factors of 628286961.
3, 337, 621451
What are the prime factors of 5731171297?
167, 34318391
What are the prime factors of 472246948?
2, 23, 5133119
What are the prime factors of 306707761?
17, 313, 57641
List the prime factors of 5064034.
2, 419, 6043
What are the prime factors of 136089?
3, 15121
List the prime factors of 1799757754.
2, 899878877
List the prime factors of 1779703174.
2, 17, 52344211
What are the prime factors of 119071859?
17, 43, 162889
What are the prime factors of 96715731?
3, 7, 4605511
List the prime 